981 prime?
True
Is 2487650119 a prime number?
False
Is 174977071 composite?
False
Is 47913591497 a prime number?
True
Is 822061477 a composite number?
False
Is 28428087541 composite?
True
Is 1307033743 prime?
True
Is 2365920365 composite?
True
Is 246335053 a prime number?
False
Is 793847843 composite?
False
Is 1916342621 composite?
True
Is 156048901 a prime number?
True
Is 15809891803 a composite number?
False
Is 770626547 a composite number?
False
Is 28597973 composite?
True
Is 69558066233 a composite number?
False
Is 4151769433 a prime number?
False
Is 195057851 a prime number?
True
Is 6593965217 a composite number?
True
Is 71654058263 a prime number?
False
Is 19527140473 a prime number?
True
Is 12084787291 composite?
False
Is 108449333 a composite number?
True
Is 2535555413 composite?
True
Is 20521296967 prime?
True
Is 232581447817 composite?
False
Is 8595802714 a prime number?
False
Is 6932371429 composite?
True
Is 58229122639 a prime number?
False
Is 7119923077 prime?
True
Is 82299253195 a prime number?
False
Is 57777583153 a prime number?
True
Is 296796223 a prime number?
True
Is 3551785331 a prime number?
True
Is 4916446627 composite?
True
Is 32630067577 a prime number?
True
Is 183652811 prime?
False
Is 74288592539 a composite number?
True
Is 14482214647 a composite number?
False
Is 2056508911 a prime number?
True
Is 8594379619 composite?
True
Is 138473237 a composite number?
True
Is 9994876339 composite?
True
Is 4635617405 a composite number?
True
Is 4944844407 a composite number?
True
Is 613719187 a prime number?
False
Is 19008864949 prime?
True
Is 397111411 a prime number?
True
Is 126804239 composite?
False
Is 4572437983 a prime number?
True
Is 10027282855 a prime number?
False
Is 47898066823 a prime number?
True
Is 2415292513 composite?
False
Is 4664681617 composite?
True
Is 2113585051 prime?
True
Is 17591269259 composite?
False
Is 35767624777 prime?
False
Is 553755053 composite?
True
Is 26913643 composite?
True
Is 5292043769 prime?
True
Is 176325031 prime?
True
Is 1508503523 composite?
True
Is 319543127 a prime number?
True
Is 9719436499 composite?
True
Is 146675483 a prime number?
False
Is 5721975731 a composite number?
False
Is 876232507 composite?
False
Is 1019678167 a composite number?
False
Is 2357014361 a prime number?
False
Is 363697469 a prime number?
True
Is 873204733 a composite number?
True
Is 30367227043 composite?
True
Is 24820842693 prime?
False
Is 7572818639 composite?
False
Is 1483804457 a prime number?
True
Is 82022132771 prime?
False
Is 6185901577 prime?
True
Is 15296547653 a prime number?
False
Is 892171121 composite?
True
Is 756059911 prime?
False
Is 194793517 prime?
False
Is 16373923 a composite number?
False
Is 2269989199 a prime number?
True
Is 155397811 a prime number?
False
Is 97475592383 prime?
False
Is 2173633593 a composite number?
True
Is 39915715759 a prime number?
False
Is 1281768793 a prime number?
True
Is 56690283409 a composite number?
False
Is 1039097909 a prime number?
True
Is 9215052731 a composite number?
True
Is 190671179 composite?
True
Is 299453953 composite?
False
Is 2428604509 composite?
True
Is 106394873 a composite number?
True
Is 398990147 a prime number?
False
Is 11922445541 composite?
False
Is 3448745311 composite?
True
Is 5724219811 a composite number?
True
Is 4381395167 composite?
True
Is 307889947 composite?
False
Is 9161640389 prime?
False
Is 979529597 prime?
True
Is 55320818041 prime?
False
Is 931146787 a prime number?
True
Is 2650009093 a prime number?
False
Is 4136658149 a composite number?
True
Is 1993531457 prime?
False
Is 212492207 a prime number?
True
Is 16699593643 prime?
True
Is 5794015879 composite?
True
Is 13425069617 prime?
False
Is 443004097 composite?
False
Is 2679498539 composite?
False
Is 1077076249 prime?
False
Is 1425499577 prime?
False
Is 11069982587 a composite number?
False
Is 3023395967 prime?
True
Is 1444071449 prime?
True
Is 2223262589 a composite number?
True
Is 64293113 prime?
True
Is 51982550651 a prime number?
False
Is 10649342159 a prime number?
False
Is 6129540841 a composite number?
True
Is 51264973 a prime number?
False
Is 1281072811 a composite number?
True
Is 45778143973 a prime number?
True
Is 1801747973 a prime number?
False
Is 177845173 prime?
False
Is 13529189671 prime?
True
Is 2977731481 a prime number?
False
Is 115504201 a prime number?
True
Is 1056877121 a prime number?
True
Is 1924788563 a composite number?
False
Is 9171254767 a composite number?
False
Is 24377120687 composite?
False
Is 17396117767 a prime number?
False
Is 20337664427 prime?
True
Is 2873161567 a prime number?
True
Is 1707561143 a composite number?
False
Is 13883019679 a prime number?
False
Is 82132769 a prime number?
False
Is 2331999139 a prime number?
True
Is 17873227921 prime?
True
Is 56283183767 a composite number?
True
Is 86401407133 a composite number?
True
Is 56956865761 prime?
True
Is 68651559329 a prime number?
True
Is 8222703133 a composite number?
False
Is 282419189 a composite number?
True
Is 4780180043 prime?
True
Is 2330498393 a prime number?
True
Is 13006176071 a prime number?
False
Is 21055313 a prime number?
False
Is 41658457 a prime number?
True
Is 23211993869 a composite number?
True
Is 9234089999 a prime number?
False
Is 18687618671 a composite number?
False
Is 34226081273 prime?
False
Is 28075450709 a prime number?
True
Is 568120793 prime?
True
Is 460633883 a composite number?
True
Is 804324277 composite?
True
Is 467445761 composite?
False
Is 12794816681 prime?
False
Is 711982429 a composite number?
False
Is 745884599 a composite number?
False
Is 588657103 prime?
True
Is 1358677799 prime?
True
Is 45910726759 composite?
True
Is 38867029 a prime number?
True
Is 34134243193 a composite number?
True
Is 1834232161 composite?
False
Is 684432811 a composite number?
True
Is 2658835833 a prime number?
False
Is 11733762809 composite?
True
Is 7434410141 a composite number?
False
Is 115971093283 a prime number?
True
Is 1448718797 prime?
False
Is 55963043 a prime number?
False
Is 127269610093 prime?
False
Is 6121858265 composite?
True
Is 1350045197 a composite number?
True
Is 981979811 a prime number?
False
Is 29172913439 a composite number?
True
Is 4739472937 a composite number?
False
Is 543785603 prime?
False
Is 1821737987 composite?
False
Is 4278786637 composite?
False
Is 1453006943 prime?
False
Is 17846392397 a prime number?
False
Is 2691268094 a composite number?
True
Is 2745927851 composite?
False
Is 4579217978 composite?
True
Is 90753660917 prime?
True
Is 75455280777 a prime number?
False
Is 7250952155 composite?
True
Is 118345022179 a composite number?
False
Is 9475708811 a prime number?
True
Is 28925938627 composite?
False
Is 3876736813 a prime number?
False
Is 462651079 a prime number?
False
Is 4390808209 composite?
False
Is 419127041 prime?
False
Is 9731938573 a prime number?
False
Is 5153840129 prime?
False
Is 8714301587 a prime number?
False
Is 10591820017 a composite number?
True
Is 754253207 a composite number?
False
Is 519751927 prime?
False
Is 2147756749 composite?
False
Is 72645257393 composite?
False
Is 14709669809 a composite number?
True
Is 14729399093 a composite number?
False
Is 8253675533 composite?
True
Is 528745823 composite?
False
Is 1324457909 prime?
False
Is 65052618889 composite?
False
Is 1989217361 composite?
False
Is 442600121 prime?
True
Is 686167721 prime?
False
Is 2238511661 prime?
False
Is 20192953349 a prime number?
False
Is 428049227 composite?
False
Is 51390091 prime?
True
Is 131621047 composite?
False
Is 2350039051 composite?
False
Is 722976101 composite?
False
Is 26442459223 composite?
True
Is 21719953 a prime number?
True
Is 2983622053 prime?
True
Is 5481904369 a composite number?
True
Is 1576424243 prime?
False
Is 484398893 prime?
False
Is 298316101 prime?
False
Is 2563109561 a prime number?
True
Is 45412812511 composite?
True
Is 4348632094 prime?
False
Is 4458795083 a prime number?
False
Is 1499759185 a composite number?
True
Is 1048624519 a prime number?
False
Is 19575914641 prime?
False
Is 1285045091 a prime number?
False
Is 1527121829 prime?
True
Is 294497849 prime?
True
Is 1459666097 a composite number?
False
Is 4189052203 composite?
True
Is 349099511 a prime number?
False
Is 22596832477 a prime number?
False
Is 5